he millions digit of 1434962669?
4
What is the millions digit of 39521146?
9
What is the millions digit of 3082949380?
2
What is the hundreds digit of 1624686429?
4
What is the units digit of 67496282?
2
What is the ten thousands digit of 21166059?
6
What is the thousands digit of 3378888716?
8
What is the units digit of 833622996?
6
What is the hundred thousands digit of 130668060?
6
What is the hundreds digit of 43808796?
7
What is the ten thousands digit of 1083229946?
2
What is the ten millions digit of 37588384?
3
What is the units digit of 98733062?
2
What is the ten thousands digit of 74891987?
9
What is the tens digit of 9929843?
4
What is the units digit of 157972865?
5
What is the thousands digit of 20693324?
3
What is the hundred thousands digit of 147399848?
3
What is the tens digit of 601114001?
0
What is the millions digit of 44282657?
4
What is the hundred thousands digit of 513038194?
0
What is the thousands digit of 490312468?
2
What is the units digit of 1523031988?
8
What is the millions digit of 56588727?
6
What is the ten millions digit of 403283954?
0
What is the tens digit of 3222576626?
2
What is the ten thousands digit of 1202886713?
8
What is the hundred millions digit of 373223717?
3
What is the hundred thousands digit of 333605413?
6
What is the hundred thousands digit of 18758266?
7
What is the hundred thousands digit of 687897154?
8
What is the ten thousands digit of 59028554?
2
What is the thousands digit of 12859014?
9
What is the billions digit of 3446852055?
3
What is the millions digit of 1002060072?
2
What is the millions digit of 1734025256?
4
What is the hundred thousands digit of 11044814?
0
What is the hundreds digit of 23434412?
4
What is the millions digit of 253213092?
3
What is the hundred thousands digit of 142869564?
8
What is the hundreds digit of 2629869195?
1
What is the hundred millions digit of 380333696?
3
What is the hundreds digit of 789528695?
6
What is the billions digit of 1143721746?
1
What is the hundred thousands digit of 19400768?
4
What is the units digit of 303505429?
9
What is the hundred millions digit of 849890862?
8
What is the millions digit of 64216747?
4
What is the millions digit of 28178159?
8
What is the hundred thousands digit of 296150511?
1
What is the units digit of 1851925957?
7
What is the thousands digit of 32307165?
7
What is the tens digit of 135752103?
0
What is the ten millions digit of 11837729?
1
What is the tens digit of 34797530?
3
What is the ten millions digit of 23140379?
2
What is the millions digit of 5289598176?
9
What is the hundreds digit of 497446062?
0
What is the tens digit of 1516385?
8
What is the hundreds digit of 976317321?
3
What is the ten millions digit of 39052524?
3
What is the tens digit of 30111334?
3
What is the hundred millions digit of 456512175?
4
What is the hundreds digit of 78506054?
0
What is the hundreds digit of 502640618?
6
What is the units digit of 696859528?
8
What is the thousands digit of 943512594?
2
What is the hundred millions digit of 504726922?
5
What is the millions digit of 24239365?
4
What is the thousands digit of 1580816960?
6
What is the ten thousands digit of 258660178?
6
What is the millions digit of 1241927474?
1
What is the thousands digit of 55761490?
1
What is the hundred thousands digit of 2052306?
0
What is the units digit of 438002854?
4
What is the millions digit of 390549263?
0
What is the tens digit of 1593413081?
8
What is the millions digit of 25803614?
5
What is the units digit of 125656792?
2
What is the millions digit of 41124845?
1
What is the units digit of 18678453?
3
What is the ten thousands digit of 33865022?
6
What is the hundreds digit of 4847732298?
2
What is the units digit of 290188718?
8
What is the hundreds digit of 6976937?
9
What is the ten millions digit of 1616666772?
1
What is the tens digit of 34379442?
4
What is the thousands digit of 1026427888?
7
What is the hundreds digit of 4901922347?
3
What is the hundreds digit of 212616644?
6
What is the ten millions digit of 13840818?
1
What is the tens digit of 354602607?
0
What is the ten thousands digit of 121722441?
2
What is the millions digit of 2443737?
2
What is the ten thousands digit of 13519661?
1
What is the units digit of 97416323?
3
What is the millions digit of 73404918?
3
What is the ten millions digit of 6630645927?
3
What is the hundreds digit of 1450432508?
5
What is the hundred thousands digit of 426249227?
2
What is the hundreds digit of 43829284?
2
What is the ten millions digit of 4035173774?
3
What is the thousands digit of 3682380616?
0
What is the tens digit of 2131863034?
3
What is the ten millions digit of 212181543?
1
What is the hundred thousands digit of 419841583?
8
What is the hundreds digit of 20742946?
9
What is the hundreds digit of 8236216?
2
What is the ten thousands digit of 661526875?
2
What is the tens digit of 1280319987?
8
What is the thousands digit of 78302444?
2
What is the thousands digit of 51604981?
4
What is the ten thousands digit of 4048893871?
9
What is the ten millions digit of 192745295?
9
What is the hundreds digit of 328743981?
9
What is the ten thousands digit of 2318234313?
3
What is the hundred thousands digit of 20773233?
7
What is the hundred millions digit of 2891069909?
8
What is the hundred thousands digit of 418695778?
6
What is the hundred thousands digit of 58037570?
0
What is the ten millions digit of 4609562111?
0
What is the millions digit of 44288050?
4
What is the units digit of 21764904?
4
What is the thousands digit of 74408254?
8
What is the tens digit of 411563583?
8
What is the tens digit of 89974255?
5
What is the ten thousands digit of 61914437?
1
What is the ten thousands digit of 2366275?
6
What is the ten thousands digit of 48870711?
7
What is the ten millions digit of 28258892?
2
What is the hundred thousands digit of 1160038534?
0
What is the tens digit of 131314450?
5
What is the hundreds digit of 977524668?
6
What is the hundred thousands digit of 58500898?
5
What is the hundred thousands digit of 40503688?
5
What is the ten thousands digit of 144089209?
8
What is the millions digit of 16494551?
6
What is the units digit of 55580526?
6
What is the thousands digit of 56857986?
7
What is the hundred thousands digit of 183490631?
4
What is the units digit of 455124711?
1
What is the ten thousands digit of 5964136345?
3
What is the hundred millions digit of 421538495?
4
What is the hundred millions digit of 264767909?
2
What is the thousands digit of 42447233?
7
What is the millions digit of 58725828?
8
What is the hundreds digit of 109626646?
6
What is the billions digit of 2061974491?
2
What is the tens digit of 379395939?
3
What is the hundred thousands digit of 3299315910?
3
What is the tens digit of 386391613?
1
What is the thousands digit of 914534347?
4
What is the millions digit of 62444787?
2
What is the thousands digit of 169417121?
7
What is the ten thousands digit of 188426379?
2
What is the tens digit of 451258351?
5
What is the millions digit of 189183897?
9
What is the hundred thousands digit of 130732682?
7
What is the ten millions digit of 50480174?
5
What is the ten thousands digit of 49828548?
2
What is the ten millions digit of 108685346?
0
What is the hundred millions digit of 123409694?
1
What is the ten thousands digit of 5208774516?
7
What is the hundred millions digit of 1051984768?
0
What is the tens digit of 589133738?
3
What is the hundreds digit of 49281870?
8
What is the ten millions digit of 11529877?
1
What is the ten millions digit of 2846849786?
4
What is the millions digit of 6127724093?
7
What is the ten millions digit of 128585977?
2
What is the hundred thousands digit of 1251680756?
6
What is the thousands digit of 326373014?
3
What is the ten millions digit of 650492719?
5
What is the hundred thousands digit of 124495590?
4
What is the millions digit of 60038623?
0
What is the ten thousands digit of 54065448?
6
What is the tens digit of 350587923?
2
What is the hundred millions digit of 513737039?
5
What is the thousands digit of 11385748?
5
What is the hundred thousands digit of 97764237?
7
What is the units digit of 88138948?
8
What is the units digit of 518431216?
6
What is the millions digit of 5696704